e 1 + (-1 - (-3)/(-3)). Let w(y) = -y**3 - 4*y**2 - 5*y - 4. Let s be w(-3). Let p(u) = -13*u**2 - 10*u**s + 15*u**2. Give p(h).
-8
Let g = 288 - 195. Let o(i) = -i**3 - 4*i + g*i**2 - i**3 - 98*i**2. Determine o(-3).
21
Suppose 107*m = 37*m - 52 + 262. Let c(h) be the second derivative of -h**3/6 - 3*h**2/2 - 2*h. Determine c(m).
-6
Suppose 10*l + 29 = -1. Let g(w) = 3*w**3 + 3*w**2 - 2*w + 2. Let c(k) = 16*k**3 + 15*k**2 - 10*k + 10. Let r(u) = -2*c(u) + 11*g(u). What is r(l)?
8
Let a(b) = -11*b + 6. Let o(w) = -6*w + 3. Let t(q) = 4*a(q) - 7*o(q). Calculate t(-4).
11
Let r(p) = -2*p. Let y(a) = -6*a. Suppose 2*u = 34 - 38. Let l(i) = u*y(i) + 5*r(i). Calculate l(2).
4
Let v be ((-5)/(-2))/(35/70). Let f(i) be the third derivative of i**5/60 - i**4/3 + 5*i**3/6 - 2*i**2. What is f(v)?
-10
Let s(v) = v**2 - 6*v + 3. Suppose 109 = -8*h + 549. Let w = h + -49. Give s(w).
3
Suppose 40*p - 12*p = -41 + 153. Let v(f) = 3*f**2 - 4*f**2 + 1 + 1 + 2*f. Calculate v(p).
-6
Let h(a) be the first derivative of 4*a**2 - 3*a - 31. Calculate h(2).
13
Let w(k) = -4*k + 13. Let a(j) = -j + 3. Let b(m) = -9*a(m) + 2*w(m). Let h(t) = -t**2 - 4*t + 5. Let u be h(-4). Suppose -26 = -u*n - 11. What is b(n)?
2
Let h = -17 + 20. Suppose -h = p, 3*p + 2*p = -3*g + 30. Let f be 54/g*20/12. Let y(t) = -t**2 + 6*t - 8. What is y(f)?
-8
Suppose 3*v - 2*k = k + 21, 5*k = -4*v - 8. Let r(x) = -x**3 - 4*x**2 + x + 6. Let m(j) = j**3 + 5*j**2 - j - 7. Let t(c) = -4*m(c) - 5*r(c). What is t(v)?
22
Let c(v) = -2*v**3 + 8*v**2 - 3*v + 10. Let i(s) = -3*s - 4*s - 5 - 4*s**2 + s**3 + 8*s. Let b(o) = 2*c(o) + 5*i(o). Let x = -41 - -45. Determine b(x).
-9
Let n(o) = o**2 + 2*o - 2. Let k be n(-4). Let f be 12/8 + 27/k. Let s(j) = 0*j**2 + j - 9*j + j**2 + 8. What is s(f)?
-4
Suppose -3*y + 31 = -2*o - 3*o, -3*y + 3*o + 27 = 0. Suppose -2*w + 11 - y = 0. Let h(z) = 5*z**2 - 2*z**w + 1 - 9*z**2 + 7*z**2. Calculate h(2).
5
Let v(c) = -5*c**2 + 3*c - 14. Let g(i) = 11*i**2 - 7*i + 29. Let d(p) = -4*g(p) - 9*v(p). Let h = 2 + 0. Let r be 1*h/(-2)*0. Calculate d(r).
10
Let p(o) = 7*o**2 - 10*o - 7. Let b(c) = 12*c**2 - 17*c - 13. Let t(h) = 4*b(h) - 7*p(h). Suppose 0*u = 2*u - 6. Give t(u).
-6
Let h(n) be the second derivative of n**5/20 - n**4/3 + n**3/3 - 2*n**2 + 7*n - 4. Suppose -2*s + 4*s - 8 = 0. Calculate h(s).
4
Let h(f) = -f**2 - 13*f - 19. Let r be h(-11). Suppose 5*q = k + 20, -7*k - 3*q + 35 = -r*k. Let d(b) = -4*b + 1. Give d(k).
-19
Let u(t) = 2*t + 4. Let c = 3 - 0. Let f = 5 - c. Suppose 2*l = 3*v, l - 5*v + 5 = -f. Calculate u(l).
10
Let o = -60 - -63. Suppose -o = -25*u + 22*u. Let p(n) = 2 - 2 + 1 - 2*n. What is p(u)?
-1
Let l be 15*(28/(-12) + 2). Let v(x) = -18 + 9 + 3*x - 6*x + 5. Calculate v(l).
11
Let r(b) = 8 - 372*b - 374*b + 741*b + 8. Calculate r(4).
-4
Let s = 261 + -262. Let a(w) = w + 1. Determine a(s).
0
Let o(i) = -13*i**2 + 26*i**2 + 2 - 2*i - i - 10*i**2 - 1. Give o(4).
37
Let j(m) = m**3 - 4*m**2 - 5*m. Suppose -2*f - 8 = 0, -2*f - 12 - 20 = t. Let q = 29 + t. What is j(q)?
0
Let n(t) = -9*t - 4. Let f be n(-1). Suppose 2*j - 17 = -2*j + f*g, 0 = 3*j + g - 8. Let l(c) = -2*c**2 + c**j + 1 - 5 + 6*c**2 + 0*c**2. Give l(-4).
-4
Let p(k) be the third derivative of 7*k**4/24 - k**3/6 - 9*k**2. Let w = 20 + -2. Let h = 17 - w. Give p(h).
-8
Let f(z) = 5*z + 15. Let p(b) = -5*b - 12. Let m(y) = -6*f(y) - 7*p(y). Calculate m(4).
14
Let s(a) = -4*a**2 + 5*a + 2. Suppose 5*b - 5*r = -4*r + 12, 2*b + r = 9. Calculate s(b).
-19
Suppose 4*a + 5 = -24*l + 23*l, 0 = 2*a - 2*l. Let o(x) = 4*x**2. Determine o(a).
4
Let t(c) = -c - 1. Let f be (-3 - (7 - 1))*1. Give t(f).
8
Let g = -15 + 26. Let i be 4 - 0/(-4) - g - -1. Let m(n) = -2*n - 4. What is m(i)?
8
Let f(r) = -3*r**3 + 11*r**2 - 5*r + 5. Let t be f(3). Let a(x) = -x - 3. What is a(t)?
-11
Let y = 17 + -14. Suppose -4*u = 5*m - 26, -24 = -4*m - u - y*u. Let i(a) = -a**2 + 2. What is i(m)?
-2
Let z(l) = -l**2 + 2*l. Let t be 9/9*(-1*2 - -1). Let q(b) = 2*b**2 + b + 1. Let r(u) = t*q(u) - 3*z(u). Give r(6).
-7
Let z(x) = -3*x**2 + 25*x - 36. Let c be z(6). Let t(q) = -q**2 + 8*q - 3. What is t(c)?
9
Let u be ((-6)/3)/(2/5). Let m(r) = -4*r - 11. Calculate m(u).
9
Let v(h) = 316 - 153 - 157 + 3*h. Give v(-4).
-6
Let d(v) be the second derivative of v**5/30 - 5*v**2/2 - 5*v. Let u(k) be the first derivative of d(k). Suppose 12*y = -5 - 7. What is u(y)?
2
Let b(z) be the third derivative of -z**7/2520 - z**6/120 - 7*z**5/120 - z**4/4 + 6*z**2. Let t(i) be the second derivative of b(i). Determine t(-5).
-2
Let l(m) = 7*m**3 - 3*m**2 + 6*m - 2. Let y(b) = 8*b**3 - 3*b**2 + 7*b - 2. Let c(d) = -6*l(d) + 5*y(d). Calculate c(2).
-4
Let f be 2/8 - (-3)/(48/92). Let h(t) = f*t**2 + 27 - 12 - 15. Suppose -3*u = 5*r + 13, -2*r - 3 = -4*u + 3*u. Determine h(u).
6
Let c(l) = 5*l - 14. Let b be c(5). Let u(j) = -3*j + 14. Give u(b).
-19
Let s(w) = -w**3 + 5*w**2 + 7*w + 4. Let q be 306/45 + 8/(-10). What is s(q)?
10
Let d(x) be the third derivative of -x**5/20 - x**4/8 + x**3/2 + 5*x**2 + 19*x. What is d(-3)?
-15
Let r(d) be the second derivative of 7*d**3/2 - 148*d + 1. What is r(1)?
21
Let f(v) be the second derivative of -2*v**3/3 + 5*v. Let w = -403 + 397. Determine f(w).
24
Suppose -p + 2*s + 10 = 0, -28*s + 20 = 3*p - 32*s. Let c(a) be the third derivative of -a**5/60 + a**4/24 + a**3/2 + 3*a**2. Calculate c(p).
3
Let w(n) be the third derivative of 5/6*n**3 - 7/24*n**4 + 0*n - 1/120*n**6 - 9 + 2*n**2 + 1/10*n**5. Determine w(5).
-5
Let i = 6 - 12. Let k(t) = -t**3 - 6*t**2 + 8*t + 2. Let m(l) = 4*l**2 - 18*l**2 + 2*l**2 - 2*l**3 + 4 + 15*l. Let y(r) = 11*k(r) - 6*m(r). Determine y(i).
10
Let s = -18 - -10. Let h = s - -13. Let c = -6 + h. Let m(u) = 4*u - 1. Give m(c).
-5
Let r(f) be the first derivative of 5*f**4/4 + f**3/3 + f**2/2 - 8*f - 6. Let c(l) = -4*l**3 + 7. Let z(d) = 6*c(d) + 5*r(d). Calculate z(-3).
5
Let v = -134 + 131. Let k(l) = -l - 2. What is k(v)?
1
Let l(s) = -s**2 + 2*s. Let i(b) = -6*b**2 + 7*b - 1. Let q(o) = -i(o) + 5*l(o). Give q(-5).
11
Let s(b) = 6*b**3 + b**2 - 11*b - 3. Let r(v) = 7*v**3 - 12*v - 4. Let x(u) = -5*r(u) + 6*s(u). Calculate x(-7).
-5
Let w(b) = 2*b**2 - 9*b + 5. Suppose 30*u = 105 + 75. What is w(u)?
23
Let k(z) = 2*z**2 + 5*z + 2. Let j be k(-3). Let x(f) = 9 - f**2 + j*f - 1 - 6. Determine x(6).
-4
Let u(b) be the second derivative of -2/3*b**4 - 1/20*b**5 - 2*b**2 + 0 - 7/6*b**3 + 7*b. What is u(-7)?
-4
Suppose 37 = -5*b + 4*r, -10 - 5 = b + 3*r. Let g be -3*(4 - (-42)/b). Let p(j) = 3*j**3 + 9*j**3 - g*j + 9*j**3 - 8*j**3 + 2*j**2 + 1. What is p(1)?
14
Let p(g) be the second derivative of g**4/12 + 3*g**3/2 - 4*g**2 - 91*g. Calculate p(-7).
-22
Let n be 4*((-15)/(-2))/3. Suppose 4*s = 2*c + 20, -5*s - 5*c - 25 = -n*s. Let t(v) = -v**3 + 6*v**2 - 3*v - 7. Calculate t(s).
3
Let o(r) = 12*r + 87. Let k be o(-9). Let b(v) = -3*v - 67. Calculate b(k).
-4
Let v = -555 + 561. Let q(f) = -f**2 + 5*f + 14. Calculate q(v).
8
Suppose 4*p - p = 6. Let y(b) = -6*b. Let o(a) = 22*a - 3. Let u(x) = -o(x) - 3*y(x). What is u(p)?
-5
Suppose 149 = 3*w + 140. Let f(y) be the third derivative of 0 + y**2 + 1/24*y**4 + 0*y**w + 0*y - 1/15*y**5. What is f(1)?
-3
Let q(x) = -11*x**2 - 7. Let j(l) = 2*l**2 + 1. Let h(m) = -6*j(m) - q(m). Suppose -15 = 5*p - 0. Let g be 1/(((-4)/p)/(-4)). Determine h(g).
-8
Let r(y) = -7*y**2 - 7*y - 1. Let m(t) = -3*t - 4*t - 3*t**2 + 4*t. Let n(f) = 10*m(f) - 4*r(f). Suppose -5*g + 5*z = 5, -g - 2*z + 5*z = -3. What is n(g)?
-8
Let o(l) be the third derivative of -1/12*l**4 + 0 - 1/20*l**6 + 0*l - 2*l**2 - 1/60*l**5 - 1/6*l**3. Calculate o(-1).
6
Let x(b) = 5*b**2 - 18*b - 8. Let r(h) = -6*h**2 + 19*h + 7. Let a(o) = 4*r(o) + 5*x(o). What is a(15)?
3
Let n(l) = -l + 4. Suppose -3*j + 0*w + 4*w = -35, 0 = 3*j + 5*w + 10. Let b(q) = q - 3. Let i(z) = j*n(z) + 7*b(z). What is i(4)?
7
Let z(j) = -j - 1. Let k(b) be the first derivative of b**3/3 + 11*b**2/2 + b - 8. Let a(p) = k(p) + 5*z(p). Give a(-5).
-9
Let p be 12 + -2*(-12)/(-12). Let c(w) = w**2 - 6*w + 11. Determine c(p).
51
Let u(c) be the second derivative of -c**5/5 + c**4/12 + c**3/3 - 3*c**2/2 + 2*c + 39. Give u(1).
-4
Let f(q) = q**3 + 14*q**2 + 13*q - 3. Let k = -414 + 401. What is f(k)?
-3
Suppose 